{"id":283,"date":"2023-11-20T11:43:27","date_gmt":"2023-11-20T10:43:27","guid":{"rendered":"https:\/\/ruralyplayaescapadas.com\/?page_id=283"},"modified":"2023-11-20T12:55:08","modified_gmt":"2023-11-20T11:55:08","slug":"aviso-legal","status":"publish","type":"page","link":"https:\/\/ruralyplayaescapadas.com\/index.php\/aviso-legal\/","title":{"rendered":"Aviso legal"},"content":{"rendered":"\n<h3 class=\"wp-block-heading\">DATOS IDENTIFICATIVOS DEL TITULAR DEL SITIO WEB<\/h3>\n\n\n\n<p>En cumplimiento del deber de informaci\u00f3n estipulado en el art\u00edculo 10 de la Ley 34\/2002 de 11 de julio de Servicios de la Sociedad de la Informaci\u00f3n y de Comercio Electr\u00f3nico,\u00a0<strong>Luis Gonzalez Davila<\/strong> con <strong>DNI 1823408Z<\/strong>, mayor de edad en representaci\u00f3n de <strong>LIMS software Espa\u00f1a S.L.<\/strong> con direcci\u00f3n en <strong>C\/ Duero N\u00ba8 28100 de Alcobendas en Madrid con CIF B83411223<\/strong>, en calidad de titular del sitio web\u00a0<a href=\"https:\/\/ruralyplayaescapadas.com\"><strong>https:\/\/ruralyplayaescapadas.com<\/strong><\/a>, direcci\u00f3n de correo electr\u00f3nico\u00a0<strong>lgonzalez4x4@msn.com<\/strong>, procede a comunicarles la presente informaci\u00f3n que conforma y regula las condiciones de uso en esta p\u00e1gina, las limitaciones de responsabilidad y las obligaciones que, los usuarios del sitio web que se publica bajo el nombre de dominio\u00a0<a href=\"https:\/\/ruralyplayaescapadas.com\"><strong>https:\/\/ruralyplayaescapadas.com<\/strong><\/a>, asumen y se comprometen a respetar.<\/p>\n\n\n\n<h3 class=\"wp-block-heading\">CONDICIONES DE USO<\/h3>\n\n\n\n<p>La utilizaci\u00f3n de\u00a0<a href=\"https:\/\/ruralyplayaescapadas.com\"><strong>https:\/\/ruralyplayaescapadas.com<\/strong><\/a>\u00a0otorga la condici\u00f3n de\u00a0<strong>Usuario<\/strong>\u00a0de\u00a0<strong><a href=\"https:\/\/ruralyplayaescapadas.com\"><strong>https:\/\/ruralyplayaescapadas.com<\/strong><\/a><\/strong>, bien sea persona f\u00edsica o jur\u00eddica y obligatoriamente implica la aceptaci\u00f3n completa, plena y sin reservas de todas y cada una de las cl\u00e1usulas y condiciones generales incluidas en el Aviso Legal. Si el\u00a0<strong>Usuario<\/strong>\u00a0no estuviera conforme con las cl\u00e1usulas y condiciones de uso de este Aviso Legal, se abstendr\u00e1 de utilizar\u00a0<a href=\"https:\/\/ruralyplayaescapadas.com\"><strong>https:\/\/ruralyplayaescapadas.com<\/strong><\/a>. Este Aviso Legal est\u00e1 sujeto a cambios y actualizaciones por lo que la versi\u00f3n publicada por\u00a0<strong><strong>Rural y Playa Escapadas<\/strong><\/strong>\u00a0puede ser diferente en cada momento en que el\u00a0<strong>Usuario<\/strong>\u00a0acceda al Portal. Por tanto, el\u00a0<strong>Usuario<\/strong>\u00a0debe leer el Aviso Legal en todas y cada una de las ocasiones en que acceda a\u00a0<strong><a href=\"https:\/\/ruralyplayaescapadas.com\"><strong>https:\/\/ruralyplayaescapadas.com<\/strong><\/a><\/strong>.<\/p>\n\n\n\n<p>A trav\u00e9s de\u00a0<a href=\"https:\/\/ruralyplayaescapadas.com\"><strong>https:\/\/ruralyplayaescapadas.com<\/strong><\/a>,\u00a0<strong>Luis Gonzalez Davila<\/strong> facilita al\u00a0<strong>Usuario<\/strong>\u00a0el acceso y la utilizaci\u00f3n de diversos Contenidos publicados por medio de Internet por\u00a0<strong>Rural y Playa Escapadas<\/strong>\u00a0o por terceros autorizados.<\/p>\n\n\n\n<p>El\u00a0<strong>Usuario<\/strong>\u00a0est\u00e1 obligado y se compromete a utilizar\u00a0<a href=\"https:\/\/ruralyplayaescapadas.com\"><strong>https:\/\/ruralyplayaescapadas.com<\/strong><\/a>\u00a0y los Contenidos de conformidad con la legislaci\u00f3n vigente, el Aviso Legal, y cualquier otro aviso o instrucciones puestos en su conocimiento, bien sea por medio de este aviso legal o en cualquier otro lugar dentro de los Contenidos que conforman\u00a0<a href=\"https:\/\/ruralyplayaescapadas.com\"><strong>https:\/\/ruralyplayaescapadas.com<\/strong><\/a>, como son las normas de convivencia, la moral y buenas costumbres generalmente aceptadas. A tal efecto, el\u00a0<strong>Usuario<\/strong>\u00a0se obliga y compromete a NO utilizar cualquiera de los Contenidos con fines o efectos il\u00edcitos, prohibidos en el Aviso Legal o por la legislaci\u00f3n vigente, lesivos de los derechos e intereses de terceros, o que de cualquier forma puedan da\u00f1ar, inutilizar, sobrecargar, deteriorar o impedir la normal utilizaci\u00f3n de los Contenidos, los equipos inform\u00e1ticos o los documentos, archivos y toda clase de contenidos almacenados en cualquier equipo inform\u00e1tico propios o contratados por\u00a0<strong>Rural y Playa Escapadas<\/strong>, de otro\u00a0<strong>USUARIO<\/strong>\u00a0o de cualquier usuario de Internet (hardware y software).<\/p>\n\n\n\n<p>El\u00a0<strong>Usuario<\/strong>\u00a0se obliga y se compromete a no transmitir, difundir o poner a disposici\u00f3n de terceros cualquier clase de material contenido en\u00a0<a href=\"https:\/\/ruralyplayaescapadas.com\"><a href=\"https:\/\/ruralyplayaescapadas.com\"><strong>https:\/\/ruralyplayaescapadas.com<\/strong><\/a><\/a>, tales como informaciones, textos, datos, contenidos, mensajes, gr\u00e1ficos, dibujos, archivos de sonido y\/o imagen, fotograf\u00edas, grabaciones, software, logotipos, marcas, iconos, tecnolog\u00eda, fotograf\u00edas, software, enlaces, dise\u00f1o gr\u00e1fico y c\u00f3digos fuente, o cualquier otro material al que tuviera acceso en su condici\u00f3n de\u00a0<strong>Usuario<\/strong>\u00a0de\u00a0<strong><a href=\"https:\/\/ruralyplayaescapadas.com\"><strong>https:\/\/ruralyplayaescapadas.com<\/strong><\/a><\/strong>, sin que esta enumeraci\u00f3n tenga car\u00e1cter limitativo. Asimismo, de conformidad con todo ello, el\u00a0<strong>Usuario<\/strong>\u00a0no podr\u00e1:<\/p>\n\n\n\n<ul class=\"wp-block-list\">\n<li>Reproducir, copiar, distribuir, poner a disposici\u00f3n o de cualquier otra forma comunicar p\u00fablicamente, transformar o modificar los Contenidos, a menos que se cuente con la autorizaci\u00f3n escrita y expl\u00edcita de\u00a0<strong><strong><strong>Luis Gonzalez Davila<\/strong><\/strong><\/strong>, que es titular de los correspondientes derechos, o bien que ello resulte legalmente permitido.<\/li>\n\n\n\n<li>Suprimir, manipular o de cualquier forma alterar el \u201ccopyright\u201d y dem\u00e1s datos identificativos de la reserva de derechos de\u00a0<strong><strong>Rural y Playa Escapadas<\/strong><\/strong>\u00a0o de sus titulares, de las huellas y\/o identificadores digitales, marcas de agua, o de cualesquiera otros medios t\u00e9cnicos establecidos para su reconocimiento.<\/li>\n<\/ul>\n\n\n\n<p>El\u00a0<strong>Usuario<\/strong>\u00a0deber\u00e1 abstenerse de obtener e incluso de intentar obtener los Contenidos empleando para ello medios o procedimientos distintos de los que, seg\u00fan los casos, se hayan puesto a su disposici\u00f3n a este efecto o se hayan indicado a este efecto en las p\u00e1ginas web donde se encuentren los Contenidos o, en general, de los que se empleen habitualmente en Internet a este efecto siempre que no entra\u00f1en un riesgo de da\u00f1o o inutilizaci\u00f3n de\u00a0<a href=\"https:\/\/ruralyplayaescapadas.com\"><strong>https:\/\/ruralyplayaescapadas.com<\/strong><\/a>, y\/o de los Contenidos.<\/p>\n\n\n\n<h3 class=\"wp-block-heading\">PROPIEDAD INTELECTUAL<\/h3>\n\n\n\n<p>Todas las marcas, nombres comerciales o signos distintivos de cualquier clase que aparecen en\u00a0<a href=\"https:\/\/ruralyplayaescapadas.com\"><strong>https:\/\/ruralyplayaescapadas.com<\/strong><\/a>\u00a0son propiedad de\u00a0<strong><strong><strong>Rural y Playa Escapadas<\/strong><\/strong><\/strong>\u00a0o, en su caso, de sus respectivos propietarios, sin que pueda entenderse que el uso o acceso al Portal y\/o a los Contenidos atribuya al\u00a0<strong>Usuario<\/strong>\u00a0derecho alguno sobre las citadas marcas, nombres comerciales y\/o signos distintivos y sin que puedan entenderse cedidos al\u00a0<strong>Usuario<\/strong>, ninguno de los derechos de explotaci\u00f3n que existen o puedan existir sobre dichos Contenidos. De igual modo los Contenidos son propiedad intelectual de\u00a0<strong><strong>Rural y Playa Escapadas<\/strong><\/strong>, o de terceros en su caso, por tanto, los derechos de Propiedad Intelectual son titularidad de\u00a0<strong><strong>Rural y Playa Escapadas<\/strong><\/strong>\u00a0o de terceros que han autorizado su uso, a quienes corresponde el ejercicio exclusivo de los derechos de explotaci\u00f3n de los mismos en cualquier forma y, en especial, los derechos de reproducci\u00f3n, distribuci\u00f3n, comunicaci\u00f3n p\u00fablica y transformaci\u00f3n. La utilizaci\u00f3n no autorizada de la informaci\u00f3n contenida en esta Web, as\u00ed como la lesi\u00f3n de los derechos de Propiedad Intelectual o Industrial de\u00a0<strong><strong><strong>Rural y Playa Escapadas<\/strong><\/strong><\/strong>\u00a0o de terceros incluidos en\u00a0 <a href=\"https:\/\/ruralyplayaescapadas.com\"><strong>https:\/\/ruralyplayaescapadas.com<\/strong><\/a>\u00a0que hayan cedido contenidos dar\u00e1 lugar a las responsabilidades legalmente establecidas.<\/p>\n\n\n\n<h3 class=\"wp-block-heading\">DISPONIBILIDAD DE HTTPS:\/\/RURALYPLAYAESCAPADAS.COM\/<\/h3>\n\n\n\n<p><strong><strong>Luis Gonzalez Davila<\/strong><\/strong>\u00a0no garantiza la inexistencia de interrupciones o errores en el acceso a\u00a0<a href=\"https:\/\/ruralyplayaescapadas.com\"><strong>https:\/\/ruralyplayaescapadas.com<\/strong><\/a>, a sus contenidos, ni que este se encuentren actualizados, aunque desarrollar\u00e1 sus mejores esfuerzos para, en su caso, evitarlos, subsanarlos o actualizarlos. Por consiguiente,\u00a0<strong>Luis Gonzalez Davila<\/strong>\u00a0no se responsabiliza de los da\u00f1os o perjuicios de cualquier tipo producidos en el\u00a0<strong>Usuario<\/strong>\u00a0que traigan causa de fallos o desconexiones en las redes de telecomunicaciones que produzcan la suspensi\u00f3n, cancelaci\u00f3n o interrupci\u00f3n del servicio del portal durante la prestaci\u00f3n del mismo o con car\u00e1cter previo.<\/p>\n\n\n\n<p><strong><strong>Luis Gonzalez Davila<\/strong><\/strong>\u00a0excluye, con las excepciones contempladas en la legislaci\u00f3n vigente, cualquier responsabilidad por los da\u00f1os y perjuicios de toda naturaleza que puedan deberse a la falta de disponibilidad, continuidad o calidad del funcionamiento de\u00a0<a href=\"https:\/\/ruralyplayaescapadas.com\"><strong>https:\/\/ruralyplayaescapadas.com<\/strong><\/a>\u00a0y de los Contenidos, al no cumplimiento de la expectativa de utilidad que el\u00a0<strong>USUARIO<\/strong>\u00a0hubiera podido atribuir a\u00a0<a href=\"https:\/\/ruralyplayaescapadas.com\"><strong>https:\/\/ruralyplayaescapadas.com<\/strong><\/a>\u00a0y a los Contenidos.<\/p>\n\n\n\n<p>La funci\u00f3n de los Hiperenlaces que aparecen en esta Web es exclusivamente la de informar al&nbsp;<strong>Usuario<\/strong>&nbsp;acerca de la existencia de otras Web que contienen informaci\u00f3n sobre la materia. Dichos Hiperenlaces no constituyen sugerencia ni recomendaci\u00f3n alguna.<\/p>\n\n\n\n<p><strong><strong>Luis Gonzalez Davila<\/strong><\/strong>\u00a0no se hace responsable de los contenidos de dichas p\u00e1ginas enlazadas, del funcionamiento o utilidad de los Hiperenlaces ni del resultado de dichos enlaces, ni garantiza la ausencia de virus u otros elementos en los mismos que puedan producir alteraciones en el sistema inform\u00e1tico (hardware y software), los documentos o los ficheros del\u00a0<strong>Usuario<\/strong>, excluyendo cualquier responsabilidad por los da\u00f1os de cualquier clase causados al\u00a0<strong>Usuario<\/strong>\u00a0por este motivo.<\/p>\n\n\n\n<p>El acceso a\u00a0<strong><a href=\"https:\/\/ruralyplayaescapadas.com\"><strong>https:\/\/ruralyplayaescapadas.com<\/strong><\/a><\/strong>\u00a0no implica la obligaci\u00f3n por parte de\u00a0<strong><strong>Luis Gonzalez Davila<\/strong><\/strong>\u00a0de controlar la ausencia de virus, gusanos o cualquier otro elemento inform\u00e1tico da\u00f1ino. Corresponde al\u00a0<strong>Usuario<\/strong>, en todo caso, la disponibilidad de herramientas adecuadas para la detecci\u00f3n y desinfecci\u00f3n de programas inform\u00e1ticos da\u00f1inos, por lo tanto,\u00a0<strong><strong>Luis Gonzalez Davila<\/strong><\/strong>\u00a0no se hace responsable de los posibles errores de seguridad que se puedan producir durante la prestaci\u00f3n del servicio de\u00a0<strong><a href=\"https:\/\/ruralyplayaescapadas.com\"><strong>https:\/\/ruralyplayaescapadas.com<\/strong><\/a>\/<\/strong>, ni de los posibles da\u00f1os que puedan causarse al sistema inform\u00e1tico del\u00a0<strong>Usuario<\/strong>\u00a0o de terceros (hardware y software), los ficheros o documentos almacenados en el mismo, como consecuencia de la presencia de virus en el ordenador del\u00a0<strong>Usuario<\/strong>\u00a0utilizado para la conexi\u00f3n a los servicios y contenidos de la Web, de un mal funcionamiento del navegador o del uso de versiones no actualizadas del mismo.<\/p>\n\n\n\n<p>La prestaci\u00f3n del servicio de\u00a0<strong><a href=\"https:\/\/ruralyplayaescapadas.com\"><strong>https:\/\/ruralyplayaescapadas.com<\/strong><\/a><\/strong>\u00a0y de los Contenidos tiene, en principio, duraci\u00f3n indefinida.\u00a0<strong><strong>Luis Gonzalez Davila<\/strong><\/strong>, no obstante, queda autorizado para dar por terminada o suspender la prestaci\u00f3n del servicio de\u00a0<strong><a href=\"https:\/\/ruralyplayaescapadas.com\"><strong>https:\/\/ruralyplayaescapadas.com<\/strong><\/a><\/strong>\u00a0y\/o de cualquiera de los Contenidos en cualquier momento. Cuando ello sea razonablemente posible,\u00a0<strong><strong>Luis Gonzalez Davila<\/strong><\/strong>\u00a0advertir\u00e1 previamente la terminaci\u00f3n o suspensi\u00f3n de\u00a0<a href=\"https:\/\/ruralyplayaescapadas.com\"><strong>https:\/\/ruralyplayaescapadas.com<\/strong><\/a>.<\/p>\n\n\n\n<h3 class=\"wp-block-heading\">CALIDAD DE HTTPS:\/\/RURALYPLAYAESCAPADAS.COM\/<\/h3>\n\n\n\n<p>Dado el entorno din\u00e1mico y cambiante de la informaci\u00f3n y servicios que se suministran por medio de\u00a0<a href=\"https:\/\/ruralyplayaescapadas.com\"><strong>https:\/\/ruralyplayaescapadas.com<\/strong><\/a>,\u00a0<strong><strong>Rural y Playa Escapada<\/strong><\/strong>\u00a0realiza su mejor esfuerzo, pero no garantiza la completa veracidad, exactitud, fiabilidad, utilidad y\/o actualidad de los Contenidos. La informaci\u00f3n contenida en las p\u00e1ginas que componen este Portal solo tiene car\u00e1cter informativo, consultivo, divulgativo y publicitario. En ning\u00fan caso ofrecen ni tienen car\u00e1cter de compromiso vinculante o contractual.<\/p>\n\n\n\n<h3 class=\"wp-block-heading\">LIMITACI\u00d3N DE RESPONSABILIDAD<\/h3>\n\n\n\n<p><strong>Rural y Playa Escapada.<\/strong>\u00a0excluye toda responsabilidad por las decisiones que el\u00a0<strong>Usuario<\/strong>\u00a0pueda tomar basado en esta informaci\u00f3n, as\u00ed como por los posibles errores tipogr\u00e1ficos que puedan contener los documentos y gr\u00e1ficos de\u00a0<strong><a href=\"https:\/\/ruralyplayaescapadas.com\"><strong>https:\/\/ruralyplayaescapadas.com<\/strong><\/a><\/strong>. La informaci\u00f3n est\u00e1 sometida a posibles cambios peri\u00f3dicos sin previo aviso de su contenido por ampliaci\u00f3n, mejora, correcci\u00f3n o actualizaci\u00f3n de los Contenidos.<\/p>\n\n\n\n<h3 class=\"wp-block-heading\">NOTIFICACIONES<\/h3>\n\n\n\n<p>Todas las notificaciones y comunicaciones por parte de&nbsp;<strong>Rural y Playa Escapada.<\/strong>&nbsp;al&nbsp;<strong>Usuario<\/strong>&nbsp;realizados por cualquier medio se considerar\u00e1n eficaces a todos los efectos.<\/p>\n\n\n\n<h3 class=\"wp-block-heading\">JURISDICCI\u00d3N<\/h3>\n\n\n\n<p>Para cuantas cuestiones se susciten sobre la interpretaci\u00f3n, aplicaci\u00f3n y cumplimiento de este Aviso Legal, as\u00ed como de las reclamaciones que puedan derivarse de su uso, todas las partes intervinientes se someten a los Jueces y Tribunales de la provincia de Madrid, renunciando de forma expresa a cualquier otro fuero que pudiera corresponderles.<\/p>\n\n\n\n<h3 class=\"wp-block-heading\">LEGISLACI\u00d3N APLICABLE<\/h3>\n\n\n\n<p>El presente Aviso Legal se rige por la normativa espa\u00f1ola vigente.<\/p>\n","protected":false},"excerpt":{"rendered":"<p>DATOS IDENTIFICATIVOS DEL TITULAR DEL SITIO WEB En cumplimiento del deber de informaci\u00f3n estipulado en el art\u00edculo 10 de la Ley 34\/2002 de 11 de julio de Servicios de la Sociedad de la Informaci\u00f3n y de Comercio Electr\u00f3nico,\u00a0Luis Gonzalez Davila con DNI 1823408Z, mayor de edad en representaci\u00f3n de LIMS software Espa\u00f1a S.L. con direcci\u00f3n [&hellip;]<\/p>\n","protected":false},"author":1,"featured_media":0,"parent":0,"menu_order":0,"comment_status":"closed","ping_status":"closed","template":"","meta":{"_joinchat":[],"footnotes":""},"class_list":["post-283","page","type-page","status-publish","hentry"],"_links":{"self":[{"href":"https:\/\/ruralyplayaescapadas.com\/index.php\/wp-json\/wp\/v2\/pages\/283","targetHints":{"allow":["GET"]}}],"collection":[{"href":"https:\/\/ruralyplayaescapadas.com\/index.php\/wp-json\/wp\/v2\/pages"}],"about":[{"href":"https:\/\/ruralyplayaescapadas.com\/index.php\/wp-json\/wp\/v2\/types\/page"}],"author":[{"embeddable":true,"href":"https:\/\/ruralyplayaescapadas.com\/index.php\/wp-json\/wp\/v2\/users\/1"}],"replies":[{"embeddable":true,"href":"https:\/\/ruralyplayaescapadas.com\/index.php\/wp-json\/wp\/v2\/comments?post=283"}],"version-history":[{"count":0,"href":"https:\/\/ruralyplayaescapadas.com\/index.php\/wp-json\/wp\/v2\/pages\/283\/revisions"}],"wp:attachment":[{"href":"https:\/\/ruralyplayaescapadas.com\/index.php\/wp-json\/wp\/v2\/media?parent=283"}],"curies":[{"name":"wp","href":"https:\/\/api.w.org\/{rel}","templated":true}]}}